{"id":5867,"date":"2014-01-23T15:58:00","date_gmt":"2014-01-23T15:58:00","guid":{"rendered":"http:\/\/ttemplo.es\/?page_id=5867"},"modified":"2020-07-18T00:03:00","modified_gmt":"2020-07-17T22:03:00","slug":"tiendas-muebles-europolis","status":"publish","type":"page","link":"https:\/\/mentoriable.com\/?page_id=5867","title":{"rendered":"Tiendas de muebles en Eur\u00f3polis"},"content":{"rendered":"<p style=\"text-align: justify;\"><img loading=\"lazy\" decoding=\"async\" class=\" wp-image-4493 alignright\" src=\"http:\/\/ttemplo.es\/wp-content\/uploads\/2012\/11\/lib06--300x279.jpg\" alt=\"Tienda muebles Eur\u00f3polis\" width=\"216\" height=\"201\" \/>Las <b>tiendas de muebles de Europolis<\/b> en Las Rozas de Madrid tienen un referente en TTemplo, una tienda especializada en mueble asi\u00e1tico y oriental. En nuestra amplia exposici\u00f3n podr\u00e1 acceder a un amplio cat\u00e1logo de muebles y complementos para la decoraci\u00f3n de su hogar, con las mejores garant\u00edas y calidad de acabado.<\/p>\n<p style=\"text-align: justify;\">Entre las <b>tiendas de muebles de Europolis<\/b>, TTemplo\u00a0 le ofrece tambi\u00e9n la posibilidad adicional de\u00a0 realizarle su mueble a medida sin ning\u00fan coste adicional para usted. De esta forma podr\u00e1 decorar su casa de un modo totalmente personal y adaptado a sus necesidades<\/p>\n<p style=\"text-align: justify;\">Adem\u00e1s de nuestras <b>tiendas de muebles de Europolis<\/b> podr\u00e1 acceder al <a title=\"Outlet muebles Las Rozas\" href=\"http:\/\/ttemplo.es\/outlet-muebles-las-rozas\/\"><i>outlet de muebles de Las Rozas<\/i><\/a> donde exponemos nuestras colecciones m\u00e1s novedosas con muebles para su comedor: aparadores, mesas de comedor y auxiliares, sillas y vitrinas. En la secci\u00f3n de noche encontrar\u00e1 dormitorios completos: camas, cabeceros, mesillas, armarios, c\u00f3modas, sinfonieres y galanes de noche.<\/p>\n<p style=\"text-align: justify;\">Adem\u00e1s de nuestros <a title=\"Muebles en Eur\u00f3polis Las Rozas\" href=\"http:\/\/ttemplo.es\/muebles-en-europolis-las-rozas\/\"><i>muebles en Europolis de Las Rozas<\/i><\/a> encontrar\u00e1 una amplia secci\u00f3n de complementos con budas y figuras en piedra, resina, bronce y madera, espejos, fuentes, iluminaci\u00f3n, relieves y \u00f3leos as\u00ed como jarrones en diferentes materiales. Si busca decorar el exterior de su hogar, contamos con una secci\u00f3n de muebles de jard\u00edn y terraza,\u00a0\u00a0 y en textil una amplia variedad de cojines, cojines thai y caminos de mesa.<\/p>\n<p style=\"text-align: justify;\">Visite nuestra tienda de muebles orientales en Las Rozas y nuestro outlet para acceder las mejores ofertas y descuentos. Tambi\u00e9n puede contactar con nosotros por tel\u00e9fono en el\u00a0<strong>628668272<\/strong>\u00a0(<span style=\"color: #008000;\">Whatsapp<\/span>).<\/p>\n<p style=\"text-align: justify;\">calle M\u00f3naco n\u00ba27 Europolis 28232 Las Rozas de Madrid<\/p>\n","protected":false},"excerpt":{"rendered":"<p>Las tiendas de muebles de Europolis en Las Rozas de Madrid tienen un referente en TTemplo, una tienda especializada en mueble asi\u00e1tico y oriental. En nuestra amplia exposici\u00f3n podr\u00e1 acceder a un amplio cat\u00e1logo de muebles y complementos para la decoraci\u00f3n de su hogar, con las mejores garant\u00edas y calidad de acabado. Entre las tiendas [&hellip;]<\/p>\n","protected":false},"author":1,"featured_media":0,"parent":0,"menu_order":0,"comment_status":"open","ping_status":"open","template":"","meta":{"footnotes":""},"class_list":["post-5867","page","type-page","status-publish","hentry"],"_links":{"self":[{"href":"https:\/\/mentoriable.com\/index.php?rest_route=\/wp\/v2\/pages\/5867","targetHints":{"allow":["GET"]}}],"collection":[{"href":"https:\/\/mentoriable.com\/index.php?rest_route=\/wp\/v2\/pages"}],"about":[{"href":"https:\/\/mentoriable.com\/index.php?rest_route=\/wp\/v2\/types\/page"}],"author":[{"embeddable":true,"href":"https:\/\/mentoriable.com\/index.php?rest_route=\/wp\/v2\/users\/1"}],"replies":[{"embeddable":true,"href":"https:\/\/mentoriable.com\/index.php?rest_route=%2Fwp%2Fv2%2Fcomments&post=5867"}],"version-history":[{"count":6,"href":"https:\/\/mentoriable.com\/index.php?rest_route=\/wp\/v2\/pages\/5867\/revisions"}],"predecessor-version":[{"id":6513,"href":"https:\/\/mentoriable.com\/index.php?rest_route=\/wp\/v2\/pages\/5867\/revisions\/6513"}],"wp:attachment":[{"href":"https:\/\/mentoriable.com\/index.php?rest_route=%2Fwp%2Fv2%2Fmedia&parent=5867"}],"curies":[{"name":"wp","href":"https:\/\/api.w.org\/{rel}","templated":true}]}}